51. Let k = c - 366. Is k composite?
True
Let y(c) = 64*c - 9. Suppose -7*b - 50 = -2*b. Let a = b + 14. Is y(a) a composite number?
True
Suppose p + 21 = 8*p. Let b(w) = -w**2 + w - 1. Let v be b(p). Let s = 98 + v. Is s prime?
False
Let u(w) = -2*w - 35. Let c be u(-18). Suppose 0 = -3*o + 8 + c, -2*o + 2402 = 4*s. Is s prime?
True
Let v = -163 + 325. Suppose 2*c = 3*c + 4*z - 271, 4*c - 1033 = z. Let f = c - v. Is f a prime number?
True
Suppose -2*d = -10 - 2. Suppose -10*m + d*m = -2336. Suppose 4*n = 4*z + m, 1 = 2*z + 7. Is n a prime number?
False
Let y(r) = 12*r + 62. Let j be y(-5). Suppose 4*m + 5*o - 4*o - 8885 = 0, 4437 = j*m - 5*o. Is m prime?
True
Let r be 3 + 57705/(-12) - (-3)/(-12). Let h = -3271 - r. Is h a composite number?
True
Let k = -2253 - -1251. Let u = -673 - k. Is u a prime number?
False
Let t(z) = 34*z**3 + 11*z**2 - 18*z + 83. Is t(6) composite?
True
Suppose 0 = -5*g - 3*w + 81188, -13*g = -14*g - 5*w + 16242. Is g prime?
False
Let w be ((-17)/(255/(-18)))/(4/150). Let d be -2 + 3/2*62. Let p = d - w. Is p a prime number?
False
Suppose 2 = -5*t - 3. Let l be 27/(-12) - t/4. Let w(g) = -7*g + 1. Is w(l) a prime number?
False
Suppose 2*l + 0 = 14. Suppose 93 = z - l*f + 8*f, 0 = -2*f + 8. Is z a composite number?
False
Suppose -z = b, -2*b + z = b. Suppose 3*m = 2*d + 283, -3*m + 8*m - 4*d - 471 = 0. Suppose m = r - 2*k, 5*r = -b*r - k + 420. Is r a prime number?
False
Suppose -4*r + 20 = 2*m, -3*m + 7 = m - 3*r. Suppose -s + 5*w = -311, s - 3*w = m*s - 1005. Is s prime?
True
Let m(k) = k**3 + 2*k**2 - 17*k - 9. Let c(u) = -3*u**3 - 5*u**2 + 35*u + 17. Let p(g) = 4*c(g) + 9*m(g). Is p(-4) composite?
False
Let a(d) = 219*d**3 + d**2 - 1. Let s = -24 + 25. Is a(s) a composite number?
True
Let o be 82/(-6)*2/4*102. Let g = o + 1566. Is g prime?
False
Let q(z) = z**2 + 10*z - 18. Let w be q(-12). Is -1*2/w*(-5 - 4) prime?
True
Let p = -36 + 39. Suppose 219 - 18 = p*y. Is y composite?
False
Let m(z) be the first derivative of -1171*z**2/2 + 3*z - 8. Let g be m(-2). Suppose u + 5*n = 572, -6*u - n = -2*u - g. Is u composite?
False
Suppose 4*t - z - 4745 = 3*t, -4 = z. Is t composite?
True
Suppose 3*q = q - 36. Let i = q + 14. Is i + 96 + -4 + 3 a composite number?
True
Let b = -9 + 3. Let x be (b/15)/(2/(-20)). Suppose -h - x*h + 635 = 0. Is h prime?
True
Suppose 68*t - 63*t = 59555. Is t composite?
True
Let f(x) = x**2 + 4*x + 7. Let d(r) = -r. Let c(a) = -6*d(a) + f(a). Let w be c(-6). Let i = w - -48. Is i prime?
True
Let o = 5 - 8. Let d be 1 + -3 - (o - 0). Is 12/(-4) + d + 265 composite?
False
Let v be (5/(-2))/((-2)/4). Suppose v*b - 9167 = -2*f, -5501 = -3*b - 0*f - 2*f. Suppose 9*z = 12*z - b. Is z prime?
False
Let p(c) = -454*c - 163. Is p(-6) a composite number?
True
Suppose -3*y + 8*y = -d + 10, 0 = -5*y + 4*d + 10. Let j be ((-4)/5)/((-4)/10). Is (j - 1)*(y + 131) prime?
False
Let u = 68 + -33. Let i be -14 + 0 + (-2)/1. Let j = u + i. Is j a composite number?
False
Suppose p = 11*p - 4010. Is p a composite number?
False
Suppose 29336 = 4*z - 4*m, 0*z = z + 3*m - 7318. Let s = z - 2909. Is s a composite number?
False
Is (7868/(-8))/((-3)/12*2) composite?
True
Suppose -47*f = -52*f. Suppose f = p - 5*k - 968, p - 463 = 3*k + 501. Is p a prime number?
False
Suppose 8*z - 12*z = 0. Suppose -51*i + 48*i + 2118 = z. Is i a prime number?
False
Let u(n) = 5*n**3 + 5*n**2 - n - 2. Suppose -5*r - 50 = -0*r. Let t be (-55)/r + (-1)/2. Is u(t) a composite number?
False
Let c(t) = -t - 12. Let l be c(-15). Suppose -10 = 2*n, -l*p + 119 = -5*n - 1748. Is p a prime number?
False
Let y = -49 + 127. Let r = -41 + y. Is r prime?
True
Let c(p) = -3 + 2 - 2*p**2 + 0 + p. Let l be c(1). Is 7*-82*l/4 composite?
True
Suppose 3 = 3*d, 21 = j + d - 8. Suppose 5*a - 322 - j = v, -5*a + 325 = 4*v. Suppose -5 - a = -y. Is y composite?
True
Suppose -20*q = -19*q - 5*b - 47199, -4*q = 5*b - 188746. Is q composite?
False
Suppose 0 + 8 = 4*y + 4*m, 2*y + 4*m = -4. Is (y/(-4) + 3)*2332/6 a prime number?
False
Suppose -47 = -2*f + 4*z - 9*z, -4 = f - 3*z. Suppose 5*a - 9 = f. Suppose -3*b = -a*o - 0*b + 878, o - b - 219 = 0. Is o a composite number?
True
Let t be (-992)/10 - 1/(-5). Let o = t - -178. Is o composite?
False
Suppose -8*o = -o - 7210. Suppose -13*r + 149139 = o. Is r composite?
False
Suppose 0 = 4*i - 1958 - 6442. Suppose -20*j + 17*j = -i. Suppose g - j = 97. Is g a prime number?
True
Let j be (2 + (-16)/12)*-3. Let a be j/(-4) + (-24)/(-16). Suppose -273 = -i - a*i. Is i a prime number?
False
Suppose -26*p = 8*p + 34. Let n(t) = -84*t**2 - 3*t - 8. Let o(d) = -167*d**2 - 6*d - 17. Let a(w) = -13*n(w) + 6*o(w). Is a(p) prime?
True
Let j be (4910/(-4))/((-16)/(-32))*-4. Suppose -2*c - 4*b = 2*c - j, 3*b + 12 = 0. Is c prime?
True
Let j be 4*(5 - 0)/5. Is j/(-8)*-3050 - (-1 - 1) composite?
True
Let v = -15026 + 39885. Is v a composite number?
False
Suppose 4*f + 4*b = 8252, 8240 = 5*f - f + b. Is f prime?
False
Let y(o) = -5*o**2 - 21*o + 125. Let s(i) = -i**2 - 4*i + 25. Let r(k) = -11*s(k) + 2*y(k). Is r(-18) composite?
False
Is ((-44458)/(-7))/(-3 + (-176)/(-56)) prime?
False
Let p be (-3 - 0 - 1) + 427. Let o = -122 + p. Let n = o + -174. Is n composite?
False
Let o(b) be the second derivative of -b**3 + b**2/2 + 10*b. Let k be o(-3). Let l = k - 8. Is l prime?
True
Let x(r) = -r**3 + 13*r**2 - r + 16. Let g be x(13). Suppose -9 = -4*t + g*a, 5*t - 2*a = 14 - 1. Suppose 2654 = t*v + 293. Is v a prime number?
True
Let g be (4 - 3)*-4 - 3/(-3). Is (254/(-4))/(g/6) a composite number?
False
Let s(h) = -232*h + 1. Let g = 16 + -17. Let m(l) = 2*l + 1. Let a be m(g). Is s(a) a prime number?
True
Suppose -i - 218 = -l, -1440 = -5*l - i - 374. Suppose 113 + l = 3*n. Is n a composite number?
False
Let a(w) = 12 - 19 + 2*w**2 + 14 + 0*w**2 + 8*w. Let c = -3 + 13. Is a(c) a prime number?
False
Let v be ((-8)/6)/((-6)/18). Suppose 0 = -l - v + 9. Suppose -3*m - 38 + 363 = -4*f, 5*m - l*f = 550. Is m a prime number?
False
Suppose 3*g + 15 + 6 = u, -11 = -3*u - 4*g. Let b(j) = -18*j**2 + j + 12*j**2 + u*j**2 + 7. Is b(-6) prime?
True
Suppose -r = -3*r + 2*h + 24, 3*h = 6. Suppose 5*q = -4*a + 3*q + 12, -3*a + q = -r. Suppose -a*g + 499 = 3*j, g - 10 - 102 = -5*j. Is g prime?
True
Suppose -122 = -2*w + w + 3*i, -402 = -3*w - 3*i. Is w a prime number?
True
Let t be (-4)/18 - 886/(-18). Let w = 83 - t. Suppose u - w = -r, 5*u - 81 = -2*r + 104. Is u a prime number?
False
Suppose -u = -5*a - 754, -2*u = 2*a - 3*a - 1553. Is u a composite number?
True
Let o(b) = 3*b + 3. Let q be o(-2). Let y(i) be the second derivative of -9*i**5/20 - i**4/3 + 2*i**2 - 6*i. Is y(q) a prime number?
True
Suppose 14649 = 4*y + 5*s, 2*y + 6*s = 9*s + 7319. Is y prime?
False
Suppose -2*x - 3*q = -7, x - 3*q = -q + 14. Suppose -5*b - 4*w - 8 = x, 5*b - 4 = w. Let c(z) = -z**2 + 2*z + 77. Is c(b) prime?
False
Let y = 1823 - 639. Suppose 4*h - 3*q - y = 0, 0*h = -h + 3*q + 305. Is h a prime number?
True
Let l = -96 - -101. Suppose -3*g + 950 = l*k - 8*g, 0 = k + g - 180. Is k a prime number?
False
Suppose 0 = 69*s - 61*s - 21752. Is s a prime number?
True
Let q(v) = 97*v + 193. Is q(16) composite?
True
Suppose 15 = -14*z + 17*z. Let g be (6/4)/(z/10). Suppose -1901 = -4*a + 3*i, g*i - 1432 = -3*a + 4*i. Is a a prime number?
True
Let r = 7 - 3. Let j(o) = o + 4. Let x be j(r). Let b = 71 + x. Is b a composite number?
False
Let w be (-5)/(-2) + 4/(-8). Let k be 162/42 - w/(-14). Let j(a) = 27*a**2 + 2*a + 3. Is j(k) prime?
True
Let l(r) be the second derivative of r**4/12 + r**3 - 7*r**2 - r. Is l(-13) a prime number?
False
Is 1*(-3166)/3*(-63)/42 composite?
False
Let z(h) = -755*h - 381. Is z(-16) composite?
False
Suppose 5*p = -5676 + 21391. Is p a prime number?
False
Suppose -21 = 2*h - 9*h. Suppose h*o - 2*u = 16 + 239, 4*o - 336 = 4*u. Is o prime?
False
Let z(y) = 80*y**2 - 10*y - 177. Is z(-11) composite?
False
Let v(w) = -2513*w + 13. Is v(-2) a composite number?
False
Let t = 260 - -1923. Is t a composite number?
True
Suppose 0 = 4*w + 12, -4*r - 3*w - 7 = 2*w. Suppose -13*x + 51601 = -r*x. Is x a prime number?
True
Suppose -8*a + 2*a + 12456 = 0. Let f = a - 1232. Suppose 6*x - 10*x = -f. Is x prime?
True
Let u(d) = 17*d**2 + d + 71. Is u(6) composite?
True